{"id":5128,"date":"2023-01-21T07:43:04","date_gmt":"2023-01-21T07:43:04","guid":{"rendered":"https:\/\/yabt.net\/?page_id=5128"},"modified":"2023-02-18T05:30:30","modified_gmt":"2023-02-18T05:30:30","slug":"consejos-claves-de-exito-emprendimiento-e-innovacion-educativa","status":"publish","type":"page","link":"https:\/\/yabt.net\/bootcamp\/inicio\/sesiones\/consejos-claves-de-exito-emprendimiento-e-innovacion-educativa\/","title":{"rendered":"Consejos claves de \u00e9xito: Emprendimiento e Innovaci\u00f3n Educativa"},"content":{"rendered":"\t\t<div data-elementor-type=\"wp-page\" data-elementor-id=\"5128\" class=\"elementor elementor-5128\" data-elementor-post-type=\"page\">\n\t\t\t\t\t\t<section class=\"elementor-section elementor-top-section elementor-element elementor-element-7496f47 elementor-section-boxed elementor-section-height-default elementor-section-height-default\" data-id=\"7496f47\" data-element_type=\"section\" data-e-type=\"section\">\n\t\t\t\t\t\t<div class=\"elementor-container elementor-column-gap-default\">\n\t\t\t\t\t<div class=\"elementor-column elementor-col-50 elementor-top-column elementor-element elementor-element-4c67b71\" data-id=\"4c67b71\" data-element_type=\"column\" data-e-type=\"column\">\n\t\t\t<div class=\"elementor-widget-wrap elementor-element-populated\">\n\t\t\t\t\t\t<div class=\"elementor-element elementor-element-529639f elementor-widget elementor-widget-video\" data-id=\"529639f\" data-element_type=\"widget\" data-e-type=\"widget\" data-settings=\"{&quot;youtube_url&quot;:&quot;https:\\\/\\\/www.youtube.com\\\/embed\\\/cCi_RE5M8Vg&quot;,&quot;video_type&quot;:&quot;youtube&quot;,&quot;controls&quot;:&quot;yes&quot;}\" data-widget_type=\"video.default\">\n\t\t\t\t<div class=\"elementor-widget-container\">\n\t\t\t\t\t\t\t<div class=\"elementor-wrapper elementor-open-inline\">\n\t\t\t<div class=\"elementor-video\"><\/div>\t\t<\/div>\n\t\t\t\t\t\t<\/div>\n\t\t\t\t<\/div>\n\t\t\t\t\t<\/div>\n\t\t<\/div>\n\t\t\t\t<div class=\"elementor-column elementor-col-50 elementor-top-column elementor-element elementor-element-b0416d2\" data-id=\"b0416d2\" data-element_type=\"column\" data-e-type=\"column\">\n\t\t\t<div class=\"elementor-widget-wrap elementor-element-populated\">\n\t\t\t\t\t\t<div class=\"elementor-element elementor-element-8f678c2 elementor-widget elementor-widget-text-editor\" data-id=\"8f678c2\" data-element_type=\"widget\" data-e-type=\"widget\" data-widget_type=\"text-editor.default\">\n\t\t\t\t<div class=\"elementor-widget-container\">\n\t\t\t\t\t\t\t\t\t<p><strong>Oscar Jim\u00e9nez <\/strong><br \/><strong>Consultor de proyectos en el Tecnol\u00f3gico de Monterrey <\/strong><br \/><strong>M\u00e9xico<\/strong><\/p>\t\t\t\t\t\t\t\t<\/div>\n\t\t\t\t<\/div>\n\t\t\t\t<div class=\"elementor-element elementor-element-6d40e06 elementor-widget elementor-widget-text-editor\" data-id=\"6d40e06\" data-element_type=\"widget\" data-e-type=\"widget\" data-widget_type=\"text-editor.default\">\n\t\t\t\t<div class=\"elementor-widget-container\">\n\t\t\t\t\t\t\t\t\t<p>En este webinar podr\u00e1s aprender del panorama de la innovaci\u00f3n desde el \u00e1mbito educativo. Escuchar\u00e1s los mejores consejos, que te ayudar\u00e1n a impulsar tu emprendimiento m\u00e1s all\u00e1 de sus fronteras, de un experto, consultor, emprendedor y catedr\u00e1tico de una de las instituciones de educaci\u00f3n superior referentes en la regi\u00f3n.<\/p>\t\t\t\t\t\t\t\t<\/div>\n\t\t\t\t<\/div>\n\t\t\t\t\t<\/div>\n\t\t<\/div>\n\t\t\t\t\t<\/div>\n\t\t<\/section>\n\t\t\t\t<\/div>\n\t\t","protected":false},"excerpt":{"rendered":"<p>https:\/\/www.youtube.com\/embed\/cCi_RE5M8Vg Oscar Jim\u00e9nez Consultor de proyectos en el Tecnol\u00f3gico de Monterrey M\u00e9xico En este webinar podr\u00e1s aprender del panorama de la innovaci\u00f3n desde el \u00e1mbito educativo. Escuchar\u00e1s los mejores consejos, que te ayudar\u00e1n a impulsar tu emprendimiento m\u00e1s all\u00e1 de sus fronteras, de un experto, consultor, emprendedor y catedr\u00e1tico de una de las instituciones de [&hellip;]<\/p>\n","protected":false},"author":1,"featured_media":0,"parent":4537,"menu_order":0,"comment_status":"closed","ping_status":"closed","template":"","meta":{"footnotes":""},"class_list":["post-5128","page","type-page","status-publish","hentry"],"_links":{"self":[{"href":"https:\/\/yabt.net\/bootcamp\/wp-json\/wp\/v2\/pages\/5128","targetHints":{"allow":["GET"]}}],"collection":[{"href":"https:\/\/yabt.net\/bootcamp\/wp-json\/wp\/v2\/pages"}],"about":[{"href":"https:\/\/yabt.net\/bootcamp\/wp-json\/wp\/v2\/types\/page"}],"author":[{"embeddable":true,"href":"https:\/\/yabt.net\/bootcamp\/wp-json\/wp\/v2\/users\/1"}],"replies":[{"embeddable":true,"href":"https:\/\/yabt.net\/bootcamp\/wp-json\/wp\/v2\/comments?post=5128"}],"version-history":[{"count":3,"href":"https:\/\/yabt.net\/bootcamp\/wp-json\/wp\/v2\/pages\/5128\/revisions"}],"predecessor-version":[{"id":6743,"href":"https:\/\/yabt.net\/bootcamp\/wp-json\/wp\/v2\/pages\/5128\/revisions\/6743"}],"up":[{"embeddable":true,"href":"https:\/\/yabt.net\/bootcamp\/wp-json\/wp\/v2\/pages\/4537"}],"wp:attachment":[{"href":"https:\/\/yabt.net\/bootcamp\/wp-json\/wp\/v2\/media?parent=5128"}],"curies":[{"name":"wp","href":"https:\/\/api.w.org\/{rel}","templated":true}]}}