{"id":5136,"date":"2023-01-21T07:45:09","date_gmt":"2023-01-21T07:45:09","guid":{"rendered":"https:\/\/yabt.net\/?page_id=5136"},"modified":"2023-02-18T05:30:23","modified_gmt":"2023-02-18T05:30:23","slug":"consejos-claves-de-exito-emprendiendo-en-las-industrias-creativas","status":"publish","type":"page","link":"https:\/\/yabt.net\/bootcamp\/inicio\/sesiones\/consejos-claves-de-exito-emprendiendo-en-las-industrias-creativas\/","title":{"rendered":"Consejos claves de \u00e9xito: Emprendiendo en las Industrias Creativas"},"content":{"rendered":"\t\t<div data-elementor-type=\"wp-page\" data-elementor-id=\"5136\" class=\"elementor elementor-5136\" data-elementor-post-type=\"page\">\n\t\t\t\t\t\t<section class=\"elementor-section elementor-top-section elementor-element elementor-element-9a19032 elementor-section-boxed elementor-section-height-default elementor-section-height-default\" data-id=\"9a19032\" data-element_type=\"section\" data-e-type=\"section\">\n\t\t\t\t\t\t<div class=\"elementor-container elementor-column-gap-default\">\n\t\t\t\t\t<div class=\"elementor-column elementor-col-50 elementor-top-column elementor-element elementor-element-52fc94e\" data-id=\"52fc94e\" data-element_type=\"column\" data-e-type=\"column\">\n\t\t\t<div class=\"elementor-widget-wrap elementor-element-populated\">\n\t\t\t\t\t\t<div class=\"elementor-element elementor-element-0b1e3ef elementor-widget elementor-widget-video\" data-id=\"0b1e3ef\" data-element_type=\"widget\" data-e-type=\"widget\" data-settings=\"{&quot;youtube_url&quot;:&quot;https:\\\/\\\/www.youtube.com\\\/embed\\\/Eea51cau_EU&quot;,&quot;video_type&quot;:&quot;youtube&quot;,&quot;controls&quot;:&quot;yes&quot;}\" data-widget_type=\"video.default\">\n\t\t\t\t<div class=\"elementor-widget-container\">\n\t\t\t\t\t\t\t<div class=\"elementor-wrapper elementor-open-inline\">\n\t\t\t<div class=\"elementor-video\"><\/div>\t\t<\/div>\n\t\t\t\t\t\t<\/div>\n\t\t\t\t<\/div>\n\t\t\t\t\t<\/div>\n\t\t<\/div>\n\t\t\t\t<div class=\"elementor-column elementor-col-50 elementor-top-column elementor-element elementor-element-930e19c\" data-id=\"930e19c\" data-element_type=\"column\" data-e-type=\"column\">\n\t\t\t<div class=\"elementor-widget-wrap elementor-element-populated\">\n\t\t\t\t\t\t<div class=\"elementor-element elementor-element-6c2f9d0 elementor-widget elementor-widget-text-editor\" data-id=\"6c2f9d0\" data-element_type=\"widget\" data-e-type=\"widget\" data-widget_type=\"text-editor.default\">\n\t\t\t\t<div class=\"elementor-widget-container\">\n\t\t\t\t\t\t\t\t\t<p><strong>Alejandra Luzardo<\/strong><br \/><strong>L\u00edder en Innovaci\u00f3n y Creatividad en el Banco Interamericano de Desarrollo (BID)<\/strong><\/p>\t\t\t\t\t\t\t\t<\/div>\n\t\t\t\t<\/div>\n\t\t\t\t<div class=\"elementor-element elementor-element-c686e5a elementor-widget elementor-widget-text-editor\" data-id=\"c686e5a\" data-element_type=\"widget\" data-e-type=\"widget\" data-widget_type=\"text-editor.default\">\n\t\t\t\t<div class=\"elementor-widget-container\">\n\t\t\t\t\t\t\t\t\t<p>Las Industrias Creativas, son uno de los conceptos m\u00e1s importantes de la \u00faltima d\u00e9cada. Estas industrias tienen su origen en la creatividad individual, la destreza y el talento, y tienen potencial de crear riqueza y empleo a trav\u00e9s actividades basadas en la generaci\u00f3n y transferencia del conocimiento, los negocios digitales, el dise\u00f1o creativo, las tradiciones, los videojuegos y la ideaci\u00f3n. <br \/>En esta sesi\u00f3n, aprender\u00e1s de la mano de Alejandra Luzardo c\u00f3mo es el camino profesional en el \u00e1rea de las Industrias Creativas, y escuchar\u00e1s consejos que te har\u00e1n llevar tu emprendimiento cada vez m\u00e1s lejos&#8221;<\/p>\t\t\t\t\t\t\t\t<\/div>\n\t\t\t\t<\/div>\n\t\t\t\t\t<\/div>\n\t\t<\/div>\n\t\t\t\t\t<\/div>\n\t\t<\/section>\n\t\t\t\t<\/div>\n\t\t","protected":false},"excerpt":{"rendered":"<p>https:\/\/www.youtube.com\/embed\/Eea51cau_EU Alejandra LuzardoL\u00edder en Innovaci\u00f3n y Creatividad en el Banco Interamericano de Desarrollo (BID) Las Industrias Creativas, son uno de los conceptos m\u00e1s importantes de la \u00faltima d\u00e9cada. Estas industrias tienen su origen en la creatividad individual, la destreza y el talento, y tienen potencial de crear riqueza y empleo a trav\u00e9s actividades basadas en [&hellip;]<\/p>\n","protected":false},"author":1,"featured_media":0,"parent":4537,"menu_order":0,"comment_status":"closed","ping_status":"closed","template":"","meta":{"footnotes":""},"class_list":["post-5136","page","type-page","status-publish","hentry"],"_links":{"self":[{"href":"https:\/\/yabt.net\/bootcamp\/wp-json\/wp\/v2\/pages\/5136","targetHints":{"allow":["GET"]}}],"collection":[{"href":"https:\/\/yabt.net\/bootcamp\/wp-json\/wp\/v2\/pages"}],"about":[{"href":"https:\/\/yabt.net\/bootcamp\/wp-json\/wp\/v2\/types\/page"}],"author":[{"embeddable":true,"href":"https:\/\/yabt.net\/bootcamp\/wp-json\/wp\/v2\/users\/1"}],"replies":[{"embeddable":true,"href":"https:\/\/yabt.net\/bootcamp\/wp-json\/wp\/v2\/comments?post=5136"}],"version-history":[{"count":3,"href":"https:\/\/yabt.net\/bootcamp\/wp-json\/wp\/v2\/pages\/5136\/revisions"}],"predecessor-version":[{"id":6740,"href":"https:\/\/yabt.net\/bootcamp\/wp-json\/wp\/v2\/pages\/5136\/revisions\/6740"}],"up":[{"embeddable":true,"href":"https:\/\/yabt.net\/bootcamp\/wp-json\/wp\/v2\/pages\/4537"}],"wp:attachment":[{"href":"https:\/\/yabt.net\/bootcamp\/wp-json\/wp\/v2\/media?parent=5136"}],"curies":[{"name":"wp","href":"https:\/\/api.w.org\/{rel}","templated":true}]}}