{"id":5310,"date":"2023-01-21T09:15:07","date_gmt":"2023-01-21T09:15:07","guid":{"rendered":"https:\/\/yabt.net\/?page_id=5310"},"modified":"2023-02-18T05:43:06","modified_gmt":"2023-02-18T05:43:06","slug":"desempeno-con-proposito","status":"publish","type":"page","link":"https:\/\/yabt.net\/bootcamp\/inicio\/sesiones\/desempeno-con-proposito\/","title":{"rendered":"Desempe\u00f1o con prop\u00f3sito"},"content":{"rendered":"\t\t<div data-elementor-type=\"wp-page\" data-elementor-id=\"5310\" class=\"elementor elementor-5310\" data-elementor-post-type=\"page\">\n\t\t\t\t\t\t<section class=\"elementor-section elementor-top-section elementor-element elementor-element-0519db1 elementor-section-boxed elementor-section-height-default elementor-section-height-default\" data-id=\"0519db1\" data-element_type=\"section\" data-e-type=\"section\">\n\t\t\t\t\t\t<div class=\"elementor-container elementor-column-gap-default\">\n\t\t\t\t\t<div class=\"elementor-column elementor-col-50 elementor-top-column elementor-element elementor-element-02ea85c\" data-id=\"02ea85c\" data-element_type=\"column\" data-e-type=\"column\">\n\t\t\t<div class=\"elementor-widget-wrap elementor-element-populated\">\n\t\t\t\t\t\t<div class=\"elementor-element elementor-element-4ed747d elementor-widget elementor-widget-video\" data-id=\"4ed747d\" data-element_type=\"widget\" data-e-type=\"widget\" data-settings=\"{&quot;youtube_url&quot;:&quot;https:\\\/\\\/www.youtube.com\\\/embed\\\/2Q-wwNaZ430&quot;,&quot;video_type&quot;:&quot;youtube&quot;,&quot;controls&quot;:&quot;yes&quot;}\" data-widget_type=\"video.default\">\n\t\t\t\t<div class=\"elementor-widget-container\">\n\t\t\t\t\t\t\t<div class=\"elementor-wrapper elementor-open-inline\">\n\t\t\t<div class=\"elementor-video\"><\/div>\t\t<\/div>\n\t\t\t\t\t\t<\/div>\n\t\t\t\t<\/div>\n\t\t\t\t\t<\/div>\n\t\t<\/div>\n\t\t\t\t<div class=\"elementor-column elementor-col-50 elementor-top-column elementor-element elementor-element-dc6933b\" data-id=\"dc6933b\" data-element_type=\"column\" data-e-type=\"column\">\n\t\t\t<div class=\"elementor-widget-wrap elementor-element-populated\">\n\t\t\t\t\t\t<div class=\"elementor-element elementor-element-ce0f487 elementor-widget elementor-widget-text-editor\" data-id=\"ce0f487\" data-element_type=\"widget\" data-e-type=\"widget\" data-widget_type=\"text-editor.default\">\n\t\t\t\t<div class=\"elementor-widget-container\">\n\t\t\t\t\t\t\t\t\t<p><strong>Sylvia Desmaison<\/strong><br \/><strong>Coordinadora Senior de Ciudadan\u00eda Corporativa y Sostenibilidad de Pepsico<\/strong><br \/><strong>Per\u00fa<\/strong><\/p>\t\t\t\t\t\t\t\t<\/div>\n\t\t\t\t<\/div>\n\t\t\t\t<div class=\"elementor-element elementor-element-fe5f4cf elementor-widget elementor-widget-text-editor\" data-id=\"fe5f4cf\" data-element_type=\"widget\" data-e-type=\"widget\" data-widget_type=\"text-editor.default\">\n\t\t\t\t<div class=\"elementor-widget-container\">\n\t\t\t\t\t\t\t\t\t<p>La sesi\u00f3n consiste en una presentaci\u00f3n general sobre la Agenda 2025 con enfoque en el Performance with Purpose &#8211; PwP (Desempe\u00f1o con Prop\u00f3sito) de PepsiCo, y c\u00f3mo la compa\u00f1\u00eda proporciona un crecimiento sostenible a largo plazo con un impacto positivo en la sociedad y ambiente. <\/p><p><br \/>Adem\u00e1s, c\u00f3mo el PwP est\u00e1 relacionado con los Retos incluidos en el Eco-Reto 9.0 (Nutrici\u00f3n, Mujeres y Ambiente), mostrando ejemplos de c\u00f3mo los emprendedores tambi\u00e9n podr\u00edan incluir una agenda sostenible en sus negocios.<\/p>\t\t\t\t\t\t\t\t<\/div>\n\t\t\t\t<\/div>\n\t\t\t\t\t<\/div>\n\t\t<\/div>\n\t\t\t\t\t<\/div>\n\t\t<\/section>\n\t\t\t\t<\/div>\n\t\t","protected":false},"excerpt":{"rendered":"<p>https:\/\/www.youtube.com\/embed\/2Q-wwNaZ430 Sylvia DesmaisonCoordinadora Senior de Ciudadan\u00eda Corporativa y Sostenibilidad de PepsicoPer\u00fa La sesi\u00f3n consiste en una presentaci\u00f3n general sobre la Agenda 2025 con enfoque en el Performance with Purpose &#8211; PwP (Desempe\u00f1o con Prop\u00f3sito) de PepsiCo, y c\u00f3mo la compa\u00f1\u00eda proporciona un crecimiento sostenible a largo plazo con un impacto positivo en la sociedad y [&hellip;]<\/p>\n","protected":false},"author":1,"featured_media":0,"parent":4537,"menu_order":0,"comment_status":"closed","ping_status":"closed","template":"","meta":{"footnotes":""},"class_list":["post-5310","page","type-page","status-publish","hentry"],"_links":{"self":[{"href":"https:\/\/yabt.net\/bootcamp\/wp-json\/wp\/v2\/pages\/5310","targetHints":{"allow":["GET"]}}],"collection":[{"href":"https:\/\/yabt.net\/bootcamp\/wp-json\/wp\/v2\/pages"}],"about":[{"href":"https:\/\/yabt.net\/bootcamp\/wp-json\/wp\/v2\/types\/page"}],"author":[{"embeddable":true,"href":"https:\/\/yabt.net\/bootcamp\/wp-json\/wp\/v2\/users\/1"}],"replies":[{"embeddable":true,"href":"https:\/\/yabt.net\/bootcamp\/wp-json\/wp\/v2\/comments?post=5310"}],"version-history":[{"count":3,"href":"https:\/\/yabt.net\/bootcamp\/wp-json\/wp\/v2\/pages\/5310\/revisions"}],"predecessor-version":[{"id":6841,"href":"https:\/\/yabt.net\/bootcamp\/wp-json\/wp\/v2\/pages\/5310\/revisions\/6841"}],"up":[{"embeddable":true,"href":"https:\/\/yabt.net\/bootcamp\/wp-json\/wp\/v2\/pages\/4537"}],"wp:attachment":[{"href":"https:\/\/yabt.net\/bootcamp\/wp-json\/wp\/v2\/media?parent=5310"}],"curies":[{"name":"wp","href":"https:\/\/api.w.org\/{rel}","templated":true}]}}