{"id":7871,"date":"2023-12-15T22:09:28","date_gmt":"2023-12-15T22:09:28","guid":{"rendered":"https:\/\/yabt.net\/bootcamp\/?page_id=7871"},"modified":"2023-12-19T05:14:45","modified_gmt":"2023-12-19T05:14:45","slug":"soluciones-innovadoras-por-un-futuro-sostenible-gestion-de-residuos","status":"publish","type":"page","link":"https:\/\/yabt.net\/bootcamp\/inicio\/sesiones\/soluciones-innovadoras-por-un-futuro-sostenible-gestion-de-residuos\/","title":{"rendered":"Soluciones Innovadoras por un Futuro Sostenible: Gesti\u00f3n de Residuos"},"content":{"rendered":"\t\t<div data-elementor-type=\"wp-page\" data-elementor-id=\"7871\" class=\"elementor elementor-7871\" data-elementor-post-type=\"page\">\n\t\t\t\t\t\t<section class=\"elementor-section elementor-top-section elementor-element elementor-element-914078a elementor-section-boxed elementor-section-height-default elementor-section-height-default\" data-id=\"914078a\" data-element_type=\"section\" data-e-type=\"section\">\n\t\t\t\t\t\t<div class=\"elementor-container elementor-column-gap-default\">\n\t\t\t\t\t<div class=\"elementor-column elementor-col-100 elementor-top-column elementor-element elementor-element-43819cb\" data-id=\"43819cb\" data-element_type=\"column\" data-e-type=\"column\">\n\t\t\t<div class=\"elementor-widget-wrap elementor-element-populated\">\n\t\t\t\t\t\t<section class=\"elementor-section elementor-inner-section elementor-element elementor-element-b74c37b elementor-section-boxed elementor-section-height-default elementor-section-height-default\" data-id=\"b74c37b\" data-element_type=\"section\" data-e-type=\"section\">\n\t\t\t\t\t\t<div class=\"elementor-container elementor-column-gap-default\">\n\t\t\t\t\t<div class=\"elementor-column elementor-col-50 elementor-inner-column elementor-element elementor-element-2ce4f16\" data-id=\"2ce4f16\" data-element_type=\"column\" data-e-type=\"column\">\n\t\t\t<div class=\"elementor-widget-wrap elementor-element-populated\">\n\t\t\t\t\t\t<div class=\"elementor-element elementor-element-fa91445 elementor-widget elementor-widget-video\" data-id=\"fa91445\" data-element_type=\"widget\" data-e-type=\"widget\" data-settings=\"{&quot;youtube_url&quot;:&quot;https:\\\/\\\/youtu.be\\\/2QCd1YOoeGE&quot;,&quot;show_image_overlay&quot;:&quot;yes&quot;,&quot;image_overlay&quot;:{&quot;url&quot;:&quot;https:\\\/\\\/yabt.net\\\/bootcamp\\\/wp-content\\\/uploads\\\/sites\\\/4\\\/2023\\\/12\\\/Plantillas-Bootcamp.pptx-1.png&quot;,&quot;id&quot;:7872,&quot;size&quot;:&quot;&quot;,&quot;alt&quot;:&quot;&quot;,&quot;source&quot;:&quot;library&quot;},&quot;video_type&quot;:&quot;youtube&quot;,&quot;controls&quot;:&quot;yes&quot;}\" data-widget_type=\"video.default\">\n\t\t\t\t<div class=\"elementor-widget-container\">\n\t\t\t\t\t\t\t<div class=\"elementor-wrapper elementor-open-inline\">\n\t\t\t<div class=\"elementor-video\"><\/div>\t\t\t\t<div class=\"elementor-custom-embed-image-overlay\" style=\"background-image: url(https:\/\/yabt.net\/bootcamp\/wp-content\/uploads\/sites\/4\/2023\/12\/Plantillas-Bootcamp.pptx-1.png);\">\n\t\t\t\t\t\t\t\t\t\t\t\t\t\t\t\t<div class=\"elementor-custom-embed-play\" role=\"button\" aria-label=\"Play Video\" tabindex=\"0\">\n\t\t\t\t\t\t\t<i aria-hidden=\"true\" class=\"eicon-play\"><\/i>\t\t\t\t\t\t<\/div>\n\t\t\t\t\t\t\t\t\t<\/div>\n\t\t\t\t\t<\/div>\n\t\t\t\t\t\t<\/div>\n\t\t\t\t<\/div>\n\t\t\t\t\t<\/div>\n\t\t<\/div>\n\t\t\t\t<div class=\"elementor-column elementor-col-50 elementor-inner-column elementor-element elementor-element-1230119\" data-id=\"1230119\" data-element_type=\"column\" data-e-type=\"column\">\n\t\t\t<div class=\"elementor-widget-wrap elementor-element-populated\">\n\t\t\t\t\t\t<div class=\"elementor-element elementor-element-7c8b4ce elementor-widget elementor-widget-text-editor\" data-id=\"7c8b4ce\" data-element_type=\"widget\" data-e-type=\"widget\" data-widget_type=\"text-editor.default\">\n\t\t\t\t<div class=\"elementor-widget-container\">\n\t\t\t\t\t\t\t\t\t<p style=\"font-weight: 400;\"><strong>Soluciones Innovadoras por un Futuro Sostenible: Gesti\u00f3n de Residuos<\/strong><\/p><p style=\"font-weight: 400;\"><strong>Elizabeth Nava, Fundadora\u00a0<\/strong>Entelequia Desechables Biodegradables<\/p><p style=\"font-weight: 400;\">En esta sesi\u00f3n, Elizabeth Nava, Fundadora de Entelequia Desechables Biodegradables, nos hablar\u00e1 sobre c\u00f3mo transformar tu perspectiva acerca de la gesti\u00f3n de residuos para la resiliencia medioambiental, compartiendo consejos valiosos para impulsar soluciones innovadoras que nos ayuden a construir un futuro sostenible.<\/p><div>\u00a0<\/div>\t\t\t\t\t\t\t\t<\/div>\n\t\t\t\t<\/div>\n\t\t\t\t\t<\/div>\n\t\t<\/div>\n\t\t\t\t\t<\/div>\n\t\t<\/section>\n\t\t\t\t\t<\/div>\n\t\t<\/div>\n\t\t\t\t\t<\/div>\n\t\t<\/section>\n\t\t\t\t<\/div>\n\t\t","protected":false},"excerpt":{"rendered":"<p>https:\/\/youtu.be\/2QCd1YOoeGE Soluciones Innovadoras por un Futuro Sostenible: Gesti\u00f3n de Residuos Elizabeth Nava, Fundadora\u00a0Entelequia Desechables Biodegradables En esta sesi\u00f3n, Elizabeth Nava, Fundadora de Entelequia Desechables Biodegradables, nos hablar\u00e1 sobre c\u00f3mo transformar tu perspectiva acerca de la gesti\u00f3n de residuos para la resiliencia medioambiental, compartiendo consejos valiosos para impulsar soluciones innovadoras que nos ayuden a construir un [&hellip;]<\/p>\n","protected":false},"author":1,"featured_media":7872,"parent":4537,"menu_order":0,"comment_status":"closed","ping_status":"closed","template":"","meta":{"footnotes":""},"class_list":["post-7871","page","type-page","status-publish","has-post-thumbnail","hentry"],"_links":{"self":[{"href":"https:\/\/yabt.net\/bootcamp\/wp-json\/wp\/v2\/pages\/7871","targetHints":{"allow":["GET"]}}],"collection":[{"href":"https:\/\/yabt.net\/bootcamp\/wp-json\/wp\/v2\/pages"}],"about":[{"href":"https:\/\/yabt.net\/bootcamp\/wp-json\/wp\/v2\/types\/page"}],"author":[{"embeddable":true,"href":"https:\/\/yabt.net\/bootcamp\/wp-json\/wp\/v2\/users\/1"}],"replies":[{"embeddable":true,"href":"https:\/\/yabt.net\/bootcamp\/wp-json\/wp\/v2\/comments?post=7871"}],"version-history":[{"count":13,"href":"https:\/\/yabt.net\/bootcamp\/wp-json\/wp\/v2\/pages\/7871\/revisions"}],"predecessor-version":[{"id":7904,"href":"https:\/\/yabt.net\/bootcamp\/wp-json\/wp\/v2\/pages\/7871\/revisions\/7904"}],"up":[{"embeddable":true,"href":"https:\/\/yabt.net\/bootcamp\/wp-json\/wp\/v2\/pages\/4537"}],"wp:featuredmedia":[{"embeddable":true,"href":"https:\/\/yabt.net\/bootcamp\/wp-json\/wp\/v2\/media\/7872"}],"wp:attachment":[{"href":"https:\/\/yabt.net\/bootcamp\/wp-json\/wp\/v2\/media?parent=7871"}],"curies":[{"name":"wp","href":"https:\/\/api.w.org\/{rel}","templated":true}]}}