{"id":8175,"date":"2024-03-07T18:36:14","date_gmt":"2024-03-07T18:36:14","guid":{"rendered":"https:\/\/yabt.net\/bootcamp\/?page_id=8175"},"modified":"2024-03-09T18:57:35","modified_gmt":"2024-03-09T18:57:35","slug":"la-metodologia-de-gestion-de-proyectos-aplicada-al-desarrollo-de-una-idea-de-negocio","status":"publish","type":"page","link":"https:\/\/yabt.net\/bootcamp\/inicio\/sesiones\/la-metodologia-de-gestion-de-proyectos-aplicada-al-desarrollo-de-una-idea-de-negocio\/","title":{"rendered":"La metodolog\u00eda de gesti\u00f3n de proyectos aplicada al desarrollo de una idea de negocio"},"content":{"rendered":"\t\t<div data-elementor-type=\"wp-page\" data-elementor-id=\"8175\" class=\"elementor elementor-8175\" data-elementor-post-type=\"page\">\n\t\t\t\t\t\t<section class=\"elementor-section elementor-top-section elementor-element elementor-element-d1774d5 elementor-section-boxed elementor-section-height-default elementor-section-height-default\" data-id=\"d1774d5\" data-element_type=\"section\" data-e-type=\"section\">\n\t\t\t\t\t\t<div class=\"elementor-container elementor-column-gap-default\">\n\t\t\t\t\t<div class=\"elementor-column elementor-col-100 elementor-top-column elementor-element elementor-element-87744e3\" data-id=\"87744e3\" data-element_type=\"column\" data-e-type=\"column\">\n\t\t\t<div class=\"elementor-widget-wrap elementor-element-populated\">\n\t\t\t\t\t\t<section class=\"elementor-section elementor-inner-section elementor-element elementor-element-b2ebd84 elementor-section-boxed elementor-section-height-default elementor-section-height-default\" data-id=\"b2ebd84\" data-element_type=\"section\" data-e-type=\"section\">\n\t\t\t\t\t\t<div class=\"elementor-container elementor-column-gap-default\">\n\t\t\t\t\t<div class=\"elementor-column elementor-col-50 elementor-inner-column elementor-element elementor-element-50a89de\" data-id=\"50a89de\" data-element_type=\"column\" data-e-type=\"column\">\n\t\t\t<div class=\"elementor-widget-wrap elementor-element-populated\">\n\t\t\t\t\t\t<div class=\"elementor-element elementor-element-a516ca8 elementor-widget elementor-widget-video\" data-id=\"a516ca8\" data-element_type=\"widget\" data-e-type=\"widget\" data-settings=\"{&quot;youtube_url&quot;:&quot;https:\\\/\\\/youtu.be\\\/mIx5GezmvPM&quot;,&quot;show_image_overlay&quot;:&quot;yes&quot;,&quot;image_overlay&quot;:{&quot;url&quot;:&quot;https:\\\/\\\/yabt.net\\\/bootcamp\\\/wp-content\\\/uploads\\\/sites\\\/4\\\/2024\\\/03\\\/BootCamp_thumbnails_Marzo8.jpg&quot;,&quot;id&quot;:8177,&quot;size&quot;:&quot;&quot;,&quot;alt&quot;:&quot;&quot;,&quot;source&quot;:&quot;library&quot;},&quot;video_type&quot;:&quot;youtube&quot;,&quot;controls&quot;:&quot;yes&quot;}\" data-widget_type=\"video.default\">\n\t\t\t\t<div class=\"elementor-widget-container\">\n\t\t\t\t\t\t\t<div class=\"elementor-wrapper elementor-open-inline\">\n\t\t\t<div class=\"elementor-video\"><\/div>\t\t\t\t<div class=\"elementor-custom-embed-image-overlay\" style=\"background-image: url(https:\/\/yabt.net\/bootcamp\/wp-content\/uploads\/sites\/4\/2024\/03\/BootCamp_thumbnails_Marzo8.jpg);\">\n\t\t\t\t\t\t\t\t\t\t\t\t\t\t\t\t<div class=\"elementor-custom-embed-play\" role=\"button\" aria-label=\"Play Video\" tabindex=\"0\">\n\t\t\t\t\t\t\t<i aria-hidden=\"true\" class=\"eicon-play\"><\/i>\t\t\t\t\t\t<\/div>\n\t\t\t\t\t\t\t\t\t<\/div>\n\t\t\t\t\t<\/div>\n\t\t\t\t\t\t<\/div>\n\t\t\t\t<\/div>\n\t\t\t\t<div class=\"elementor-element elementor-element-231c6db elementor-widget elementor-widget-text-editor\" data-id=\"231c6db\" data-element_type=\"widget\" data-e-type=\"widget\" data-widget_type=\"text-editor.default\">\n\t\t\t\t<div class=\"elementor-widget-container\">\n\t\t\t\t\t\t\t\t\t<p>Descarga la presentaci\u00f3n <a href=\"https:\/\/yabt.net\/Download\/Gestio%CC%81n_de_Proyectos_Estrate%CC%81gica_para_el_Desarrollo_de_Ideas_de_Negocio.pdf\" target=\"_blank\" rel=\"noopener\">aqu\u00ed<\/a>.<\/p><p>Material de consulta:<\/p><div><span style=\"text-decoration: underline;\"><span style=\"color: #3366ff; text-decoration: underline;\"><a style=\"color: #3366ff; text-decoration: underline;\" href=\"https:\/\/www.youtube.com\/watch?v=L-NnDf0y06o\" target=\"_blank\" rel=\"noopener\" data-saferedirecturl=\"https:\/\/www.google.com\/url?q=https:\/\/www.youtube.com\/watch?v%3DL-NnDf0y06o&amp;source=gmail&amp;ust=1710096533947000&amp;usg=AOvVaw3yH1uHUlFpA06mTnrScapi\">Curso Gratis sobre Gesti\u00f3n de Proyectos<\/a><\/span><\/span><br \/><span style=\"text-decoration: underline;\"><span style=\"color: #3366ff; text-decoration: underline;\"><a style=\"color: #3366ff; text-decoration: underline;\" href=\"https:\/\/asana.com\/es\/resources\/how-project-objectives\" target=\"_blank\" rel=\"noopener\" data-saferedirecturl=\"https:\/\/www.google.com\/url?q=https:\/\/asana.com\/es\/resources\/how-project-objectives&amp;source=gmail&amp;ust=1710096533947000&amp;usg=AOvVaw1fk2ej7MN9bLlU0wtun-iz\">Objetivos de un Proyecto<\/a><\/span><\/span><br \/><span style=\"text-decoration: underline;\"><span style=\"color: #3366ff; text-decoration: underline;\"><a style=\"color: #3366ff; text-decoration: underline;\" href=\"https:\/\/iagofraga.com\/urgente-importante\/\" target=\"_blank\" rel=\"noopener\" data-saferedirecturl=\"https:\/\/www.google.com\/url?q=https:\/\/iagofraga.com\/urgente-importante\/&amp;source=gmail&amp;ust=1710096533947000&amp;usg=AOvVaw28tw-RSky1xkPejcUWLD7V\">Urgente-importante<\/a><\/span><\/span><\/div><div><span style=\"text-decoration: underline;\"><span style=\"color: #3366ff; text-decoration: underline;\"><a style=\"color: #3366ff; text-decoration: underline;\" href=\"https:\/\/asana.com\/es\/resources\/project-risk-management-process\" target=\"_blank\" rel=\"noopener\" data-saferedirecturl=\"https:\/\/www.google.com\/url?q=https:\/\/asana.com\/es\/resources\/project-risk-management-process&amp;source=gmail&amp;ust=1710096533947000&amp;usg=AOvVaw2M19rfdsOSG121PgknQ0rS\">Gesti\u00f3n de riesgos<\/a><\/span><\/span><br \/><span style=\"text-decoration: underline;\"><span style=\"color: #3366ff; text-decoration: underline;\"><a style=\"color: #3366ff; text-decoration: underline;\" href=\"https:\/\/www.linkedin.com\/pulse\/superando-la-resistencia-al-cambio-en-proyectos-desde-cotroneo-diez\/?originalSubdomain=es\" target=\"_blank\" rel=\"noopener\" data-saferedirecturl=\"https:\/\/www.google.com\/url?q=https:\/\/www.linkedin.com\/pulse\/superando-la-resistencia-al-cambio-en-proyectos-desde-cotroneo-diez\/?originalSubdomain%3Des&amp;source=gmail&amp;ust=1710096533947000&amp;usg=AOvVaw1WWsZURyjOr2sCBaLxKqAC\">Resistencia al cambio<\/a><\/span><\/span><br \/><span style=\"text-decoration: underline;\"><span style=\"color: #3366ff; text-decoration: underline;\"><a style=\"color: #3366ff; text-decoration: underline;\" href=\"https:\/\/procemconsultores.com\/como-afrontar-los-cambios-en-un-proyecto-en-marcha\/\" target=\"_blank\" rel=\"noopener\" data-saferedirecturl=\"https:\/\/www.google.com\/url?q=https:\/\/procemconsultores.com\/como-afrontar-los-cambios-en-un-proyecto-en-marcha\/&amp;source=gmail&amp;ust=1710096533947000&amp;usg=AOvVaw0oMvYa17Is-GnaFzHz6_H9\">Gesti\u00f3n de cambios en un proyecto<\/a><\/span><\/span><\/div><div><span style=\"text-decoration: underline;\"><span style=\"color: #3366ff; text-decoration: underline;\"><a style=\"color: #3366ff; text-decoration: underline;\" href=\"https:\/\/www.linkedin.com\/pulse\/la-comunicaci%C3%B3n-en-gesti%C3%B3n-de-proyectos-10-razones-ivo-kalinowski\/?originalSubdomain=es\" target=\"_blank\" rel=\"noopener\" data-saferedirecturl=\"https:\/\/www.google.com\/url?q=https:\/\/www.linkedin.com\/pulse\/la-comunicaci%C3%B3n-en-gesti%C3%B3n-de-proyectos-10-razones-ivo-kalinowski\/?originalSubdomain%3Des&amp;source=gmail&amp;ust=1710096533947000&amp;usg=AOvVaw0a8bGsLTn5-t_7r-H_nu-9\">Importancia de la comunicaci\u00f3n en la gesti\u00f3n de proyectos<\/a><\/span><\/span><\/div>\t\t\t\t\t\t\t\t<\/div>\n\t\t\t\t<\/div>\n\t\t\t\t\t<\/div>\n\t\t<\/div>\n\t\t\t\t<div class=\"elementor-column elementor-col-50 elementor-inner-column elementor-element elementor-element-53468b5\" data-id=\"53468b5\" data-element_type=\"column\" data-e-type=\"column\">\n\t\t\t<div class=\"elementor-widget-wrap elementor-element-populated\">\n\t\t\t\t\t\t<div class=\"elementor-element elementor-element-9385f53 elementor-widget elementor-widget-text-editor\" data-id=\"9385f53\" data-element_type=\"widget\" data-e-type=\"widget\" data-widget_type=\"text-editor.default\">\n\t\t\t\t<div class=\"elementor-widget-container\">\n\t\t\t\t\t\t\t\t\t<p>Descubre c\u00f3mo la gesti\u00f3n de proyectos impulsa el desarrollo de ideas de negocio en nuestra sesi\u00f3n de BootCamp. Aprende a planificar, ejecutar y evaluar proyectos de manera efectiva, reduciendo riesgos y maximizando la eficiencia. Obt\u00e9n las herramientas necesarias para integrar estos principios en tu proceso creativo y llevar tus ideas al \u00e9xito.<\/p><p>Oradora: Marianella Morales<br \/>Consultora Internacional de Negocios<\/p>\t\t\t\t\t\t\t\t<\/div>\n\t\t\t\t<\/div>\n\t\t\t\t\t<\/div>\n\t\t<\/div>\n\t\t\t\t\t<\/div>\n\t\t<\/section>\n\t\t\t\t\t<\/div>\n\t\t<\/div>\n\t\t\t\t\t<\/div>\n\t\t<\/section>\n\t\t\t\t<\/div>\n\t\t","protected":false},"excerpt":{"rendered":"<p>https:\/\/youtu.be\/mIx5GezmvPM Descarga la presentaci\u00f3n aqu\u00ed. Material de consulta: Curso Gratis sobre Gesti\u00f3n de ProyectosObjetivos de un ProyectoUrgente-importanteGesti\u00f3n de riesgosResistencia al cambioGesti\u00f3n de cambios en un proyectoImportancia de la comunicaci\u00f3n en la gesti\u00f3n de proyectos Descubre c\u00f3mo la gesti\u00f3n de proyectos impulsa el desarrollo de ideas de negocio en nuestra sesi\u00f3n de BootCamp. Aprende a planificar, [&hellip;]<\/p>\n","protected":false},"author":1,"featured_media":0,"parent":4537,"menu_order":0,"comment_status":"closed","ping_status":"closed","template":"","meta":{"footnotes":""},"class_list":["post-8175","page","type-page","status-publish","hentry"],"_links":{"self":[{"href":"https:\/\/yabt.net\/bootcamp\/wp-json\/wp\/v2\/pages\/8175","targetHints":{"allow":["GET"]}}],"collection":[{"href":"https:\/\/yabt.net\/bootcamp\/wp-json\/wp\/v2\/pages"}],"about":[{"href":"https:\/\/yabt.net\/bootcamp\/wp-json\/wp\/v2\/types\/page"}],"author":[{"embeddable":true,"href":"https:\/\/yabt.net\/bootcamp\/wp-json\/wp\/v2\/users\/1"}],"replies":[{"embeddable":true,"href":"https:\/\/yabt.net\/bootcamp\/wp-json\/wp\/v2\/comments?post=8175"}],"version-history":[{"count":19,"href":"https:\/\/yabt.net\/bootcamp\/wp-json\/wp\/v2\/pages\/8175\/revisions"}],"predecessor-version":[{"id":8207,"href":"https:\/\/yabt.net\/bootcamp\/wp-json\/wp\/v2\/pages\/8175\/revisions\/8207"}],"up":[{"embeddable":true,"href":"https:\/\/yabt.net\/bootcamp\/wp-json\/wp\/v2\/pages\/4537"}],"wp:attachment":[{"href":"https:\/\/yabt.net\/bootcamp\/wp-json\/wp\/v2\/media?parent=8175"}],"curies":[{"name":"wp","href":"https:\/\/api.w.org\/{rel}","templated":true}]}}