{"id":9786,"date":"2025-08-27T22:55:36","date_gmt":"2025-08-27T22:55:36","guid":{"rendered":"https:\/\/yabt.net\/foro\/?page_id=9786"},"modified":"2025-10-07T15:00:08","modified_gmt":"2025-10-07T15:00:08","slug":"dialogos","status":"publish","type":"page","link":"https:\/\/yabt.net\/foro\/dialogos\/","title":{"rendered":"Di\u00e1logos"},"content":{"rendered":"\t\t<div data-elementor-type=\"wp-page\" data-elementor-id=\"9786\" class=\"elementor elementor-9786\" data-elementor-post-type=\"page\">\n\t\t\t\t\t\t<section class=\"elementor-section elementor-top-section elementor-element elementor-element-b6a35e1 elementor-section-boxed elementor-section-height-default elementor-section-height-default\" data-id=\"b6a35e1\" data-element_type=\"section\" data-e-type=\"section\">\n\t\t\t\t\t\t<div class=\"elementor-container elementor-column-gap-default\">\n\t\t\t\t\t<div class=\"elementor-column elementor-col-100 elementor-top-column elementor-element elementor-element-0424b9f\" data-id=\"0424b9f\" data-element_type=\"column\" data-e-type=\"column\">\n\t\t\t<div class=\"elementor-widget-wrap elementor-element-populated\">\n\t\t\t\t\t\t<div class=\"elementor-element elementor-element-660b4e7 elementor-widget elementor-widget-heading\" data-id=\"660b4e7\" data-element_type=\"widget\" data-e-type=\"widget\" data-widget_type=\"heading.default\">\n\t\t\t\t<div class=\"elementor-widget-container\">\n\t\t\t\t\t<h2 class=\"elementor-heading-title elementor-size-default\">Di\u00e1logos<\/h2>\t\t\t\t<\/div>\n\t\t\t\t<\/div>\n\t\t\t\t\t<\/div>\n\t\t<\/div>\n\t\t\t\t\t<\/div>\n\t\t<\/section>\n\t\t\t\t<section class=\"elementor-section elementor-top-section elementor-element elementor-element-9b0bd0d elementor-section-boxed elementor-section-height-default elementor-section-height-default\" data-id=\"9b0bd0d\" data-element_type=\"section\" data-e-type=\"section\">\n\t\t\t\t\t\t<div class=\"elementor-container elementor-column-gap-default\">\n\t\t\t\t\t<div class=\"elementor-column elementor-col-100 elementor-top-column elementor-element elementor-element-30daa02\" data-id=\"30daa02\" data-element_type=\"column\" data-e-type=\"column\">\n\t\t\t<div class=\"elementor-widget-wrap elementor-element-populated\">\n\t\t\t\t\t\t<section class=\"elementor-section elementor-inner-section elementor-element elementor-element-1972f34 elementor-section-boxed elementor-section-height-default elementor-section-height-default\" data-id=\"1972f34\" data-element_type=\"section\" data-e-type=\"section\">\n\t\t\t\t\t\t<div class=\"elementor-container elementor-column-gap-default\">\n\t\t\t\t\t<div class=\"elementor-column elementor-col-50 elementor-inner-column elementor-element elementor-element-bdb9500\" data-id=\"bdb9500\" data-element_type=\"column\" data-e-type=\"column\">\n\t\t\t<div class=\"elementor-widget-wrap elementor-element-populated\">\n\t\t\t\t\t\t<div class=\"elementor-element elementor-element-e103988 elementor-flip-box--direction-left elementor-flip-box--3d elementor-flip-box--effect-flip elementor-widget elementor-widget-flip-box\" data-id=\"e103988\" data-element_type=\"widget\" data-e-type=\"widget\" data-widget_type=\"flip-box.default\">\n\t\t\t\t<div class=\"elementor-widget-container\">\n\t\t\t\t\t\t\t<div class=\"elementor-flip-box\" tabindex=\"0\">\n\t\t\t<div class=\"elementor-flip-box__layer elementor-flip-box__front\">\n\t\t\t\t<div class=\"elementor-flip-box__layer__overlay\">\n\t\t\t\t\t<div class=\"elementor-flip-box__layer__inner\">\n\t\t\t\t\t\t\t\t\t\t\t\t\t<div class=\"elementor-flip-box__image\">\n\t\t\t\t\t\t\t\t<img fetchpriority=\"high\" decoding=\"async\" width=\"1000\" height=\"1000\" src=\"https:\/\/yabt.net\/foro\/wp-content\/uploads\/sites\/5\/2025\/09\/Dialogo_Agosto21_Organiza-tu-dialogo-Boton_1000x1000.png\" class=\"attachment-full size-full wp-image-9853\" alt=\"\" srcset=\"https:\/\/yabt.net\/foro\/wp-content\/uploads\/sites\/5\/2025\/09\/Dialogo_Agosto21_Organiza-tu-dialogo-Boton_1000x1000.png 1000w, https:\/\/yabt.net\/foro\/wp-content\/uploads\/sites\/5\/2025\/09\/Dialogo_Agosto21_Organiza-tu-dialogo-Boton_1000x1000-300x300.png 300w, https:\/\/yabt.net\/foro\/wp-content\/uploads\/sites\/5\/2025\/09\/Dialogo_Agosto21_Organiza-tu-dialogo-Boton_1000x1000-150x150.png 150w, https:\/\/yabt.net\/foro\/wp-content\/uploads\/sites\/5\/2025\/09\/Dialogo_Agosto21_Organiza-tu-dialogo-Boton_1000x1000-768x768.png 768w, https:\/\/yabt.net\/foro\/wp-content\/uploads\/sites\/5\/2025\/09\/Dialogo_Agosto21_Organiza-tu-dialogo-Boton_1000x1000-270x270.png 270w\" sizes=\"(max-width: 1000px) 100vw, 1000px\" \/>\t\t\t\t\t\t\t<\/div>\n\t\t\t\t\t\t\n\t\t\t\t\t\t\t\t\t\t\t\t\t<h3 class=\"elementor-flip-box__layer__title\">\n\t\t\t\t\t\t\t\tOrganiza tu Di\u00e1logo\t\t\t\t\t\t\t<\/h3>\n\t\t\t\t\t\t\n\t\t\t\t\t\t\t\t\t\t\t\t\t<div class=\"elementor-flip-box__layer__description\">\n\t\t\t\t\t\t\t\t \t\t\t\t\t\t\t<\/div>\n\t\t\t\t\t\t\t\t\t\t\t<\/div>\n\t\t\t\t<\/div>\n\t\t\t<\/div>\n\t\t\t<div class=\"elementor-flip-box__layer elementor-flip-box__back\">\n\t\t\t<div class=\"elementor-flip-box__layer__overlay\">\n\t\t\t\t<div class=\"elementor-flip-box__layer__inner\">\n\t\t\t\t\t\n\t\t\t\t\t\n\t\t\t\t\t\t\t\t\t\t\t<a class=\"elementor-flip-box__button elementor-button elementor-size-sm\" href=\"https:\/\/yabt.net\/foro\/wp-content\/uploads\/sites\/5\/2025\/10\/Guia-de-Dialogos-de-Juventud_ESP.pdf\" target=\"_blank\">\n\t\t\t\t\t\t\tMas informaci\u00f3n\t\t\t\t\t\t<\/a>\n\t\t\t\t\t\t\t\t<\/div>\n\t\t<\/div>\n\t\t<\/div>\n\t\t<\/div>\n\t\t\t\t\t\t<\/div>\n\t\t\t\t<\/div>\n\t\t\t\t\t<\/div>\n\t\t<\/div>\n\t\t\t\t<div class=\"elementor-column elementor-col-50 elementor-inner-column elementor-element elementor-element-f7568f5\" data-id=\"f7568f5\" data-element_type=\"column\" data-e-type=\"column\">\n\t\t\t<div class=\"elementor-widget-wrap elementor-element-populated\">\n\t\t\t\t\t\t<div class=\"elementor-element elementor-element-fdb4bfd elementor-flip-box--direction-left elementor-flip-box--3d elementor-flip-box--effect-flip elementor-widget elementor-widget-flip-box\" data-id=\"fdb4bfd\" data-element_type=\"widget\" data-e-type=\"widget\" data-widget_type=\"flip-box.default\">\n\t\t\t\t<div class=\"elementor-widget-container\">\n\t\t\t\t\t\t\t<div class=\"elementor-flip-box\" tabindex=\"0\">\n\t\t\t<div class=\"elementor-flip-box__layer elementor-flip-box__front\">\n\t\t\t\t<div class=\"elementor-flip-box__layer__overlay\">\n\t\t\t\t\t<div class=\"elementor-flip-box__layer__inner\">\n\t\t\t\t\t\t\t\t\t\t\t\t\t<div class=\"elementor-flip-box__image\">\n\t\t\t\t\t\t\t\t<img decoding=\"async\" width=\"1000\" height=\"1000\" src=\"https:\/\/yabt.net\/foro\/wp-content\/uploads\/sites\/5\/2025\/09\/Dialogo_Agosto21_Unete-a-un-dialogo-Boton_1000x1000.png\" class=\"attachment-full size-full wp-image-9852\" alt=\"\" srcset=\"https:\/\/yabt.net\/foro\/wp-content\/uploads\/sites\/5\/2025\/09\/Dialogo_Agosto21_Unete-a-un-dialogo-Boton_1000x1000.png 1000w, https:\/\/yabt.net\/foro\/wp-content\/uploads\/sites\/5\/2025\/09\/Dialogo_Agosto21_Unete-a-un-dialogo-Boton_1000x1000-300x300.png 300w, https:\/\/yabt.net\/foro\/wp-content\/uploads\/sites\/5\/2025\/09\/Dialogo_Agosto21_Unete-a-un-dialogo-Boton_1000x1000-150x150.png 150w, https:\/\/yabt.net\/foro\/wp-content\/uploads\/sites\/5\/2025\/09\/Dialogo_Agosto21_Unete-a-un-dialogo-Boton_1000x1000-768x768.png 768w, https:\/\/yabt.net\/foro\/wp-content\/uploads\/sites\/5\/2025\/09\/Dialogo_Agosto21_Unete-a-un-dialogo-Boton_1000x1000-270x270.png 270w\" sizes=\"(max-width: 1000px) 100vw, 1000px\" \/>\t\t\t\t\t\t\t<\/div>\n\t\t\t\t\t\t\n\t\t\t\t\t\t\t\t\t\t\t\t\t<h3 class=\"elementor-flip-box__layer__title\">\n\t\t\t\t\t\t\t\t\u00danete a un Di\u00e1logo\t\t\t\t\t\t\t<\/h3>\n\t\t\t\t\t\t\n\t\t\t\t\t\t\t\t\t\t\t\t\t<div class=\"elementor-flip-box__layer__description\">\n\t\t\t\t\t\t\t\t \t\t\t\t\t\t\t<\/div>\n\t\t\t\t\t\t\t\t\t\t\t<\/div>\n\t\t\t\t<\/div>\n\t\t\t<\/div>\n\t\t\t<div class=\"elementor-flip-box__layer elementor-flip-box__back\">\n\t\t\t<div class=\"elementor-flip-box__layer__overlay\">\n\t\t\t\t<div class=\"elementor-flip-box__layer__inner\">\n\t\t\t\t\t\n\t\t\t\t\t\n\t\t\t\t\t\t\t\t\t\t\t<a class=\"elementor-flip-box__button elementor-button elementor-size-sm\" href=\"https:\/\/yabt.net\/foro\/calendario\/\" target=\"_blank\">\n\t\t\t\t\t\t\tMas informaci\u00f3n\t\t\t\t\t\t<\/a>\n\t\t\t\t\t\t\t\t<\/div>\n\t\t<\/div>\n\t\t<\/div>\n\t\t<\/div>\n\t\t\t\t\t\t<\/div>\n\t\t\t\t<\/div>\n\t\t\t\t\t<\/div>\n\t\t<\/div>\n\t\t\t\t\t<\/div>\n\t\t<\/section>\n\t\t\t\t\t<\/div>\n\t\t<\/div>\n\t\t\t\t\t<\/div>\n\t\t<\/section>\n\t\t\t\t<\/div>\n\t\t","protected":false},"excerpt":{"rendered":"<p>Di\u00e1logos Organiza tu Di\u00e1logo Mas informaci\u00f3n \u00danete a un Di\u00e1logo Mas informaci\u00f3n<\/p>\n","protected":false},"author":1,"featured_media":0,"parent":0,"menu_order":0,"comment_status":"closed","ping_status":"closed","template":"","meta":{"footnotes":""},"class_list":["post-9786","page","type-page","status-publish","hentry"],"_links":{"self":[{"href":"https:\/\/yabt.net\/foro\/wp-json\/wp\/v2\/pages\/9786","targetHints":{"allow":["GET"]}}],"collection":[{"href":"https:\/\/yabt.net\/foro\/wp-json\/wp\/v2\/pages"}],"about":[{"href":"https:\/\/yabt.net\/foro\/wp-json\/wp\/v2\/types\/page"}],"author":[{"embeddable":true,"href":"https:\/\/yabt.net\/foro\/wp-json\/wp\/v2\/users\/1"}],"replies":[{"embeddable":true,"href":"https:\/\/yabt.net\/foro\/wp-json\/wp\/v2\/comments?post=9786"}],"version-history":[{"count":16,"href":"https:\/\/yabt.net\/foro\/wp-json\/wp\/v2\/pages\/9786\/revisions"}],"predecessor-version":[{"id":10219,"href":"https:\/\/yabt.net\/foro\/wp-json\/wp\/v2\/pages\/9786\/revisions\/10219"}],"wp:attachment":[{"href":"https:\/\/yabt.net\/foro\/wp-json\/wp\/v2\/media?parent=9786"}],"curies":[{"name":"wp","href":"https:\/\/api.w.org\/{rel}","templated":true}]}}